common divisor of 55776 and 28469.
581
Calculate the greatest common divisor of 10270 and 1690.
130
What is the greatest common divisor of 256 and 28736?
64
Calculate the greatest common divisor of 1272 and 92379.
159
What is the highest common divisor of 330779 and 268?
67
Calculate the highest common divisor of 186794 and 59.
59
What is the highest common factor of 37044 and 71064?
756
Calculate the greatest common factor of 1136 and 14981.
71
Calculate the greatest common factor of 2760 and 8920.
40
Calculate the greatest common divisor of 192966 and 87.
87
Calculate the highest common factor of 531 and 1176873.
177
Calculate the greatest common divisor of 1397 and 1782.
11
Calculate the highest common factor of 72297 and 4437.
261
Calculate the greatest common factor of 29119 and 185.
37
What is the greatest common divisor of 4212 and 151308?
324
Calculate the highest common divisor of 1140504 and 36.
12
What is the highest common divisor of 2200 and 64152?
88
What is the highest common factor of 47508 and 888?
444
What is the greatest common factor of 23 and 2031797?
23
What is the greatest common divisor of 587 and 2429593?
587
Calculate the highest common factor of 228 and 13376.
76
Calculate the greatest common divisor of 385380 and 540.
180
Calculate the greatest common divisor of 876 and 36573.
219
Calculate the highest common factor of 650 and 3431090.
130
What is the highest common factor of 3870 and 915?
15
Calculate the greatest common divisor of 169 and 247403.
13
What is the highest common divisor of 5207 and 3683?
127
Calculate the highest common divisor of 378 and 9912.
42
Calculate the greatest common factor of 229490 and 1166.
106
What is the highest common factor of 2577369 and 57?
57
Calculate the greatest common factor of 36 and 336330.
18
What is the highest common divisor of 21 and 13351884?
21
What is the highest common divisor of 657 and 130305?
219
Calculate the highest common factor of 4578 and 86546.
218
Calculate the highest common divisor of 13055 and 2800.
35
What is the highest common factor of 263816 and 112?
56
What is the highest common divisor of 138 and 362454?
6
Calculate the greatest common divisor of 1253299 and 31.
31
Calculate the highest common factor of 126531 and 221.
17
What is the highest common factor of 25477 and 7081?
73
Calculate the greatest common factor of 1172182 and 22.
22
Calculate the greatest common divisor of 1251 and 2809051.
139
What is the highest common factor of 97968 and 780?
156
What is the greatest common factor of 685148 and 628?
628
Calculate the greatest common factor of 1543200 and 6.
6
What is the greatest common divisor of 115290 and 360?
90
What is the greatest common divisor of 153368 and 608?
152
Calculate the greatest common divisor of 584 and 180456.
584
Calculate the greatest common divisor of 1233 and 1575.
9
Calculate the highest common factor of 375 and 163545.
15
What is the highest common factor of 563010 and 24895?
1915
What is the greatest common divisor of 8856 and 1536?
24
Calculate the greatest common divisor of 294 and 241941.
21
What is the highest common divisor of 14333 and 99?
11
What is the greatest common divisor of 993 and 12?
3
What is the highest common factor of 542 and 362?
2
Calculate the greatest common divisor of 150528 and 94208.
1024
Calculate the highest common factor of 84681 and 23571.
873
Calculate the greatest common factor of 123 and 12095.
41
Calculate the highest common factor of 128 and 85184.
64
Calculate the highest common divisor of 118 and 1065776.
118
Calculate the greatest common factor of 342672 and 1089.
363
Calculate the highest common divisor of 3075 and 93.
3
What is the greatest common factor of 1136 and 175228?
284
What is the highest common factor of 134 and 188739?
67
What is the greatest common divisor of 1867524 and 12?
12
What is the greatest common factor of 2601840 and 3330?
1110
What is the greatest common divisor of 1092270 and 2990?
230
What is the highest common divisor of 1890 and 418410?
90
Calculate the greatest common divisor of 7062 and 2758888.
2354
Calculate the greatest common factor of 167336 and 2392.
104
What is the greatest common factor of 59593 and 115?
23
What is the greatest common factor of 2295373 and 349?
349
Calculate the highest common factor of 17823 and 227586.
1371
What is the highest common factor of 46892 and 1349?
19
What is the greatest common factor of 2300 and 735425?
575
Calculate the greatest common divisor of 17151587 and 31.
31
Calculate the greatest common divisor of 155848 and 726.
242
What is the greatest common factor of 910 and 129610?
130
What is the highest common factor of 27 and 355941?
27
What is the highest common divisor of 24680 and 28999?
617
Calculate the highest common divisor of 28 and 149268.
28
What is the highest common factor of 621 and 1219?
23
Calculate the greatest common divisor of 12 and 451788.
12
Calculate the greatest common factor of 90402 and 63726.
1482
Calculate the highest common divisor of 26780 and 1820.
260
What is the highest common divisor of 154881 and 18?
9
Calculate the highest common factor of 50 and 3322.
2
What is the highest common divisor of 2189 and 29054?
199
What is the greatest common factor of 6342 and 77?
7
Calculate the highest common divisor of 70 and 121670.
10
Calculate the highest common divisor of 237 and 5152143.
237
What is the highest common factor of 1558 and 246?
82
What is the greatest common factor of 15407 and 33796?
497
What is the highest common divisor of 468 and 16120?
52
Calculate the highest common divisor of 81030 and 3504.
438
What is the highest common factor of 54810 and 68985?
945
Calculate the highest common divisor of 365 and 2062615.
365
Calculate the highest common factor of 116 and 123366.
58
Calculate the highest common divisor of 2912557 and 2998.
1499
Calculate the greatest common divisor of 5837 and 8531.
449
What is the highest common factor of 51 and 8367?
3
What is the highest common factor of 3447 and 7020?
9
Calculate the greatest common factor of 50 and 4409900.
50
Calculate the greatest common divisor of 2482 and 45271.
17
What is the highest common divisor of 8655 and 1511163?
1731
What is the greatest common divisor of 3019620 and 885?
885
What is the highest common divisor of 3629 and 418?
19
What is the highest common divisor of 8964 and 7776?
108
Calculate the highest common divisor of 280030 and 11070.
410
What is the greatest common factor of 9396 and 261522?
1566
What is the highest common divisor of 209345 and 2810?
1405
What is the highest common divisor of 2180584 and 16744?
1288
What is the highest common factor of 4 and 87006?
2
What is the greatest common divisor of 3220 and 458045?
805
What is the greatest common divisor of 177 and 10341?
3
What is the greatest common factor of 210 and 203574?
42
What is the greatest common divisor of 2492 and 46636?
356
What is the greatest common factor of 1140 and 888?
12
Calculate the greatest common factor of 128 and 178592.
32
What is the highest common factor of 6509 and 17503?
23
What is the highest common factor of 334516 and 14?
14
What is the greatest common divisor of 126 and 20874?
42
What is the greatest common factor of 65 and 16050?
5
What is the highest common divisor of 348 and 87348?
348
What is the greatest common factor of 139 and 792439?
139
Calculate the highest common factor of 2 and 46626.
2
Calculate the greatest common divisor of 410 and 37802.
82
Calculate the highest common divisor of 416156 and 106.
106
What is the highest common factor of 183062 and 106?
106
Calculate the highest common divisor of 536 and 164284.
268
What is the highest common factor of 3627216 and 720?
144
Calculate the greatest common factor of 77 and 1841.
7
What is the greatest common divisor of 15196 and 1044?
116
Calculate the greatest common factor of 95 and 2907.
19
What is the highest common divisor of 192 and 311904?
96
What is the highest common divisor of 484 and 16880?
4
What is the greatest common factor of 12528 and 1512?
216
What is the highest common factor of 153036 and 143?
13
Calculate the greatest common divisor of 72 and 40005.
9
Calculate the greatest common factor of 22 and 131.
1
Calculate the greatest c